5 - 35*w + 2*w**2. Suppose -10 = -3*i - 1. Let y be m(i). Calculate the greatest common factor of y and 143.
13
Suppose -35 = -a + 5*o, 4*a + o - 64 = 2*o. What is the greatest common divisor of a and 30?
15
Suppose 3*n + 9 = 21. Suppose -4*t + t = -5*q - 31, -n*t + 2*q = -18. What is the greatest common factor of t and 1?
1
Let a(s) = -s + 30. Let g be a(18). What is the greatest common factor of g and 24?
12
Let u be 0/1 + 6 + -4. Suppose 0 = -5*g - n + 6*n + 140, -u = 2*n. What is the greatest common divisor of 3 and g?
3
Let r = -24 + 16. Let p(j) = -j**3 - 6*j**2 + 10*j. Let a be p(r). What is the highest common divisor of 6 and a?
6
Let o = -6 + 57. Let z = 7 - 13. Let g(m) = -7*m - 8. Let v be g(z). What is the greatest common divisor of v and o?
17
Let r be 10*((-4)/5 + 2). Suppose -5*u + u + 12 = 0. Calculate the greatest common divisor of r and u.
3
Suppose -j = 5*c + 31, -4*j - 70 = c + c. Let b be ((-396)/j)/((-1)/(-4)). What is the highest common factor of b and 9?
9
Suppose -7*y + 72 = -y. What is the greatest common factor of y and 3?
3
Let n(p) = -p - 14. Let x be n(-17). Calculate the highest common factor of x and 33.
3
Suppose 0*k = 2*k - 52. Let i = k - 8. Calculate the highest common factor of i and 54.
18
Let t be 115/(2*(-2 - 9/(-4))). Calculate the greatest common divisor of 46 and t.
46
Suppose -2*l = 4*z + 3*l - 12, -2*z = -l - 6. Suppose z = -c + 5. What is the greatest common divisor of c and 6?
2
Suppose -3*h + 34 = -2. Calculate the greatest common factor of h and 36.
12
Suppose 4*k + 2*j = -2*j, -6 = -k + 2*j. Calculate the greatest common divisor of 1 and k.
1
Let c = 338 - 226. Calculate the highest common divisor of c and 14.
14
Let i be (-1)/2 + 866/(-4). Let u = i - -382. Suppose 2*s + 4*l = -0*l + 46, 0 = -3*l + 12. Calculate the greatest common factor of u and s.
15
Let v be (3 + -1 + -3)/(-1). Let u(j) = -2*j - 6. Let d be u(-8). Calculate the highest common divisor of v and d.
1
Suppose -3*i + 44 = 2*x - 6*i, 3*x - 36 = -3*i. Let n = 29 + -13. What is the highest common divisor of x and n?
16
Let l be 2/(40/148) + (-3)/(-5). What is the highest common divisor of l and 20?
4
Suppose -1 = -2*k + 1, 0 = -2*x + 4*k + 92. Calculate the highest common divisor of x and 24.
24
Let l be (12/(-8))/((-6)/16). Suppose -4*w = -4*g - w + 402, l*g - 392 = -2*w. Calculate the highest common divisor of 9 and g.
9
Suppose 0 = -4*y - d + 77, -4*y = -0*y + 4*d - 92. Suppose -f + 3*f = y. Calculate the highest common factor of f and 36.
9
Suppose 3 = 4*a - 9. Suppose 2*i - 66 = -i + b, 96 = 4*i - 4*b. What is the highest common divisor of a and i?
3
Suppose -5*m - 46 = -66. What is the greatest common divisor of 4 and m?
4
Suppose 4*n = 9*n - 100. Let u be (-7)/(0 - (3 + -2)). Suppose 0 = 2*r + 3*g - 32, 3*g + 16 = u*g. What is the greatest common factor of n and r?
10
Let r = 33 + 37. Let n be (20/(-16))/((-2)/24). Let o = n - 1. What is the greatest common divisor of o and r?
14
Let l(g) = -g**3 + 14*g**2 - 9*g - 32. Let c be l(13). Calculate the highest common factor of c and 16.
4
Let k be (2 + -11)*(-32)/3. What is the greatest common factor of 12 and k?
12
Suppose -4*j = 2*w - 3*j - 18, 0 = 5*w - 3*j - 67. Suppose 0 = 6*n - w*n + 120. Calculate the highest common factor of n and 216.
24
Suppose -13 = 5*q + 47. Let c = q - -6. Let r be ((-4)/(-3))/(c/(-9)). What is the highest common factor of r and 1?
1
Let m(i) = -i - 6. Let q be m(-6). Suppose -3*t - 15 = q, -3*g + 9 = 5*t - 2. What is the highest common divisor of 24 and g?
12
Let n(r) = r**2 - 2*r + 2. Let x be n(1). What is the highest common divisor of 1 and x?
1
Let u = -20 + 28. Let g(v) = -4*v + 8. Let d be g(-4). Calculate the highest common factor of u and d.
8
Let x be (-4 - -98) + (-3)/1. Let d(l) = -3*l**2 + l + 3. Let n be d(3). Let g = x - n. What is the highest common factor of g and 16?
16
Let d = -77 + 137. Calculate the highest common divisor of d and 12.
12
Suppose -2*o = 4*g - 148, 0 = -5*g + 2*g - 9. Calculate the highest common factor of o and 20.
20
Suppose 2*o - 6 = -5*s + 27, o - 5*s = 9. Let v = o - 12. What is the highest common divisor of 2 and v?
2
Let h(p) = 1. Let o(m) = 13*m - 2. Let u(x) = 5*h(x) - o(x). Let i be u(-3). Calculate the highest common factor of i and 115.
23
Let l be 1/(-5) - 61/(-5). Suppose -7 = -2*d + r, 4*r = 3 + 1. What is the highest common factor of d and l?
4
Suppose u + 4*u - 60 = 0. Calculate the greatest common factor of 96 and u.
12
Let g be -330 + (0 - (4 + -7)). Let z = g + 602. What is the highest common factor of 25 and z?
25
Let z(t) = t**3 + 8*t**2 - 4*t + 3. Let y = -5 - 1. Let r be z(y). What is the greatest common factor of 9 and r?
9
Let f(b) = 15*b + 3. Let x be f(1). Calculate the greatest common factor of x and 126.
18
Let v be (-2 + 1)*0/2. Suppose v*s = -s + 60. What is the greatest common factor of 40 and s?
20
Let y be (6/15)/((-3)/(-30)). Calculate the greatest common factor of y and 4.
4
Let r be (0 - 16)/(4/(-22)). What is the highest common divisor of r and 8?
8
Suppose 0 = -4*b - 20 + 100. Calculate the highest common divisor of b and 4.
4
Let a(m) be the first derivative of m**3/3 - 2*m**2 - m - 4. Let x be a(6). Suppose -i + 97 = d + i, -3 = 3*i. Calculate the greatest common divisor of x and d.
11
Suppose 2*p = 3*l - 2*l + 31, 4*l = -p + 2. What is the greatest common factor of 28 and p?
14
Let j be (-5 + -160)/(0 - 1). Calculate the greatest common divisor of 15 and j.
15
Suppose p + 10 = 3*p. Suppose -2*o = -61 + p. Let w(q) = 41*q + 1. Let u be w(1). Calculate the highest common factor of u and o.
14
Suppose -3*d = -2*d - 3*i - 3, 4*i + 4 = 5*d. Suppose d = -6*f + 785 + 511. What is the greatest common factor of 24 and f?
24
Let k(q) = q**2 + 4*q - 16. Let h be k(-10). What is the greatest common factor of h and 11?
11
Let q = -611 + 629. Let j(c) = 8*c + 2. Let m be j(2). What is the greatest common factor of q and m?
18
Let q(r) = 7*r - 15. Let d be q(7). What is the greatest common divisor of 85 and d?
17
Suppose g - 13 - 6 = -v, 2*g = -5*v + 23. Calculate the greatest common divisor of 12 and g.
12
Suppose 0 = 2*h - 2*j - 126, -h + 61 = 3*j - 14. Calculate the greatest common divisor of 6 and h.
6
Let g be (15/(-10))/((-134)/(-68) - 2). What is the highest common factor of g and 3?
3
Let f be 6/12 + 245/(-2). Let h = 230 + f. Calculate the greatest common divisor of 12 and h.
12
Let y = 42 + 24. Suppose -5*b + 4*c + 18 = 0, 0 = b - 3*c + 2 + 1. Calculate the highest common divisor of b and y.
6
Let d be (-3 - (-202 + 0)) + 2. Suppose -3*y = -3*n + d, -3*n - 5*y = -y - 208. What is the highest common divisor of 17 and n?
17
Let a be 1*(-2)/4*-32. Suppose -7 = 2*w - f - 20, -f = 4*w - 11. Suppose 3*y + w*r - 36 = 0, 3*r + r + 12 = 0. What is the greatest common factor of y and a?
16
Suppose 19 = d - 2*x - 15, x = -3*d + 88. Calculate the highest common factor of d and 6.
6
Suppose 0 = -7*k + 2*k - v + 88, k = 5*v + 2. What is the highest common divisor of 17 and k?
17
Suppose -3*i + 2*i - 11 = 4*v, -v - 1 = 2*i. Let k = i + 1. Suppose 6 = k*x - 0, 0 = -h - x + 19. What is the greatest common divisor of 128 and h?
16
Suppose 5*h - 87 = -y, 3*y - 96 - 105 = 5*h. What is the greatest common factor of y and 16?
8
Suppose 19*x - 12*x = 140. Calculate the highest common divisor of x and 70.
10
Suppose -3*x + 10 = 1. Suppose -4*y = -3*f + 13, -y - 9 = f + y. Let t = f + 4. What is the highest common divisor of t and x?
3
Let d(g) = 23*g**2 - 3*g + 2. Let z be d(1). Calculate the greatest common divisor of z and 22.
22
Let n be 1 - 2 - (-7 + -1). Let i = -3 + n. Calculate the highest common divisor of i and 8.
4
Let i be (-9)/45 + 3452/10. Let f = -235 + i. What is the greatest common factor of 10 and f?
10
Suppose 3*f + 282 = -3*f. Let a = f + 75. What is the highest common divisor of a and 4?
4
Let z(s) be the second derivative of -19*s**5/20 - s**4/6 - s**3/6 + 3*s. Let u be z(-1). Calculate the highest common divisor of 18 and u.
18
Let x = -6 + 9. Let o(j) = j + 8. Let d be o(0). Suppose -x*m = -d*m + 450. What is the greatest common factor of 36 and m?
18
Suppose -k - 45 = -6*k. Let a be (2/(-2))/(3/(-12)). Let b be ((-36)/a)/(2/(-18)). Calculate the greatest common factor of 